{"id":781,"date":"2022-03-06T16:15:39","date_gmt":"2022-03-06T15:15:39","guid":{"rendered":"https:\/\/www.karntnerhof.com\/position\/"},"modified":"2023-06-21T17:04:41","modified_gmt":"2023-06-21T15:04:41","slug":"position","status":"publish","type":"page","link":"https:\/\/www.karntnerhof.com\/fr\/position\/","title":{"rendered":"Direction"},"content":{"rendered":"<section class=\"l-section wpb_row height_auto\"><div class=\"l-section-h i-cf\"><div class=\"g-cols vc_row via_flex valign_top type_default stacking_default\"><div class=\"vc_col-sm-12 wpb_column vc_column_container\"><div class=\"vc_column-inner\"><div class=\"wpb_wrapper\"><\/div><\/div><\/div><\/div><\/div><\/section><section class=\"l-section wpb_row hide_on_default hide_on_laptops height_auto width_full\"><div class=\"l-section-h i-cf\"><div class=\"g-cols vc_row via_flex valign_top type_default stacking_default\"><div class=\"vc_col-sm-12 wpb_column vc_column_container\"><div class=\"vc_column-inner\"><div class=\"wpb_wrapper\"><section class=\"l-section wpb_row us_custom_47d1b5f3 has_text_color hide_on_default hide_on_laptops hide_on_tablets height_auto width_full\" id=\"t\u00e9l\u00e9phone intelligent\"><div class=\"l-section-overlay\" style=\"background:#697ea7\"><\/div><div class=\"l-section-h i-cf\"><div class=\"g-cols vc_row via_flex valign_middle type_default stacking_default\"><div class=\"vc_col-sm-12 wpb_column vc_column_container has-link\"><div class=\"vc_column-inner\"><div class=\"wpb_wrapper\">[vc_custom_heading text=\u00a0\u00bbR\u00e9server au meilleur prix garanti<br \/>\nToutes les chambres sont climatis\u00e9es\u00a0\u00bb font_container=\u00a0\u00bbtag:h5|text_align:center\u00a0\u00bb google_fonts=\u00a0\u00bbfont_family:Open%20Sans%3A300%2C300italic%2Cregular%2Citalic%2C600%2C600italic%2C700%2C700italic%2C800%2C800italic|font_style:400%20regular%3A400%3Anormal\u00a0\u00bb]<\/div><\/div><a target=\"_blank\" rel=\"nofollow\" href=\"https:\/\/www.simplebooking.it\/ibe\/search?hid=6896&amp;lang=FR\" class=\"vc_column-link smooth-scroll\" aria-label=\"Lien\"><\/a><\/div><\/div><\/div><\/section><section class=\"l-section wpb_row us_custom_835cda68 has_text_color hide_on_default hide_on_laptops hide_on_mobiles height_auto width_full\" id=\"tablette\"><div class=\"l-section-overlay\" style=\"background:#697ea7\"><\/div><div class=\"l-section-h i-cf\"><div class=\"g-cols vc_row via_flex valign_middle type_default stacking_default\"><div class=\"vc_col-sm-12 wpb_column vc_column_container has-link\"><div class=\"vc_column-inner\"><div class=\"wpb_wrapper\">[vc_custom_heading text=\u00a0\u00bbR\u00e9server au meilleur prix garanti. Toutes les chambres sont climatis\u00e9es\u00a0\u00bb font_container=\u00a0\u00bbtag:h5|text_align:center\u00a0\u00bb google_fonts=\u00a0\u00bbfont_family:Open%20Sans%3A300%2C300italic%2Cregular%2Citalic%2C600%2C600italic%2C700%2C700italic%2C800%2C800italic|font_style:400%20regular%3A400%3Anormal\u00a0\u00bb]<\/div><\/div><a target=\"_blank\" rel=\"nofollow\" href=\"https:\/\/www.simplebooking.it\/ibe\/search?hid=6896&amp;lang=FR\" class=\"vc_column-link smooth-scroll\" aria-label=\"Lien\"><\/a><\/div><\/div><\/div><\/section>\n<\/div><\/div><\/div><\/div><\/div><\/section><section class=\"l-section wpb_row height_auto\"><div class=\"l-section-h i-cf\"><div class=\"g-cols vc_row via_flex valign_top type_default stacking_default\"><div class=\"vc_col-sm-12 wpb_column vc_column_container\"><div class=\"vc_column-inner\"><div class=\"wpb_wrapper\"><div class=\"w-separator size_large\"><\/div><\/div><\/div><\/div><\/div><\/div><\/section><section class=\"l-section wpb_row height_auto\"><div class=\"l-section-h i-cf\"><div class=\"g-cols vc_row via_flex valign_top type_default stacking_default\"><div class=\"vc_col-sm-4 wpb_column vc_column_container\"><div class=\"vc_column-inner\"><div class=\"wpb_wrapper\"><div class=\"wpb_text_column\"><div class=\"wpb_wrapper\"><h2>Au milieu du centre de Vienne<\/h2>\n<\/div><\/div><div class=\"w-separator size_custom\" style=\"height:30px\"><\/div><div class=\"wpb_text_column\"><div class=\"wpb_wrapper\"><h5>Une oasis de paix au coeur de la ville<\/h5>\n<\/div><\/div><\/div><\/div><\/div><div class=\"vc_col-sm-4 wpb_column vc_column_container\"><div class=\"vc_column-inner\"><div class=\"wpb_wrapper\"><div class=\"wpb_text_column\"><div class=\"wpb_wrapper\"><p>En logeant au K\u00e4rtnerhof de charme au c\u0153ur de Vienne, vous mesurez les distances en m\u00e8tres et les trajets en minutes. Ce qu\u2019il faut avoir vu \u00e0 Vienne, vous y acc\u00e9dez facilement \u00e0 pied depuis notre h\u00f4tel.<\/p>\n<p>Dans le voisinage imm\u00e9diat, vous trouverez \u00e9galement des magasins haut de gamme pour votre sortie shopping.<\/p>\n<p>Et si vous avez fix\u00e9 vos objectifs plus loin, prenez simplement le m\u00e9tro ou le tramway &#8211; la prochaine station est juste au coin. Ou bien prenez votre v\u00e9hicule dans notre parking s\u00e9curis\u00e9* directement \u00e0 l\u2019h\u00f4tel.<\/p>\n<\/div><\/div><div class=\"w-separator size_small with_line width_default thick_1 style_solid color_border align_center\"><div class=\"w-separator-h\"><\/div><\/div><div class=\"wpb_text_column\"><div class=\"wpb_wrapper\"><p><strong>Possibilit\u00e9s de parking au K\u00e4rtnerhof<\/strong><\/p>\n<p>Notre parking est <strong>ferm\u00e9 de 21.00 \u00e0 6.00 heures<\/strong>, car il se trouve dans un ensemble d\u2019habitations class\u00e9es. <strong>Prix : \u20ac 25,- par nuit\u00e9e.<\/strong><\/p>\n<p><strong>Autres places de stationnement<\/strong> dans le parking souterrain tout proche de la Georg-Coch-Platz (\u00e0 ~ 8 minutes \u00e0 pied) pour Euro 25,- par 24 heures. Le garage est ouvert 24 heures sur 24.<\/p>\n<\/div><\/div><\/div><\/div><\/div><div class=\"vc_col-sm-4 wpb_column vc_column_container\"><div class=\"vc_column-inner\"><div class=\"wpb_wrapper\"><div class=\"w-image align_center\"><a ref=\"magnificPopup\" href=\"https:\/\/www.karntnerhof.com\/wp-content\/uploads\/2022\/09\/14032022-Lageplan-EN.jpg\" aria-label=\"14032022-Lageplan-EN\" class=\"w-image-h\"><img decoding=\"async\" width=\"1500\" height=\"1011\" src=\"https:\/\/www.karntnerhof.com\/wp-content\/uploads\/2022\/09\/14032022-Lageplan-EN.jpg\" class=\"attachment-full size-full\" alt=\"\" loading=\"lazy\" srcset=\"https:\/\/www.karntnerhof.com\/wp-content\/uploads\/2022\/09\/14032022-Lageplan-EN.jpg 1500w, https:\/\/www.karntnerhof.com\/wp-content\/uploads\/2022\/09\/14032022-Lageplan-EN-300x202.jpg 300w, https:\/\/www.karntnerhof.com\/wp-content\/uploads\/2022\/09\/14032022-Lageplan-EN-1024x690.jpg 1024w\" sizes=\"auto, (max-width: 1500px) 100vw, 1500px\" \/><\/a><\/div><div class=\"w-separator size_small\"><\/div><div class=\"wpb_text_column\"><div class=\"wpb_wrapper\"><p><i class=\"far\" style=\"font-size: 15px;\">\uf1c1<\/i> <a href=\"https:\/\/www.karntnerhof.com\/wp-content\/uploads\/2022\/09\/Sehenswuerdigkeiten-EN.pdf\" target=\"_blank\" rel=\"noopener\">Sights in the City Center (PDF Map)<\/a><\/p>\n<\/div><\/div><\/div><\/div><\/div><div class=\"vc_col-sm-12 wpb_column vc_column_container\"><div class=\"vc_column-inner\"><div class=\"wpb_wrapper\"><div class=\"w-separator size_large\"><\/div><\/div><\/div><\/div><\/div><\/div><\/section>\n","protected":false},"excerpt":{"rendered":"[vc_custom_heading text=\u00a0\u00bbR\u00e9server au meilleur prix garanti Toutes les chambres sont climatis\u00e9es\u00a0\u00bb font_container=\u00a0\u00bbtag:h5|text_align:center\u00a0\u00bb google_fonts=\u00a0\u00bbfont_family:Open%20Sans%3A300%2C300italic%2Cregular%2Citalic%2C600%2C600italic%2C700%2C700italic%2C800%2C800italic|font_style:400%20regular%3A400%3Anormal\u00a0\u00bb][vc_custom_heading text=\u00a0\u00bbR\u00e9server au meilleur prix garanti. Toutes les chambres sont climatis\u00e9es\u00a0\u00bb font_container=\u00a0\u00bbtag:h5|text_align:center\u00a0\u00bb google_fonts=\u00a0\u00bbfont_family:Open%20Sans%3A300%2C300italic%2Cregular%2Citalic%2C600%2C600italic%2C700%2C700italic%2C800%2C800italic|font_style:400%20regular%3A400%3Anormal\u00a0\u00bb] Au milieu du centre de Vienne Une oasis de paix au coeur de la ville En logeant au K\u00e4rtnerhof de charme au c\u0153ur de Vienne, vous mesurez les distances en...","protected":false},"author":1,"featured_media":0,"parent":0,"menu_order":0,"comment_status":"closed","ping_status":"closed","template":"","meta":{"_monsterinsights_skip_tracking":false,"_monsterinsights_sitenote_active":false,"_monsterinsights_sitenote_note":"","_monsterinsights_sitenote_category":0,"footnotes":""},"class_list":["post-781","page","type-page","status-publish","hentry"],"aioseo_notices":[],"_links":{"self":[{"href":"https:\/\/www.karntnerhof.com\/fr\/wp-json\/wp\/v2\/pages\/781","targetHints":{"allow":["GET"]}}],"collection":[{"href":"https:\/\/www.karntnerhof.com\/fr\/wp-json\/wp\/v2\/pages"}],"about":[{"href":"https:\/\/www.karntnerhof.com\/fr\/wp-json\/wp\/v2\/types\/page"}],"author":[{"embeddable":true,"href":"https:\/\/www.karntnerhof.com\/fr\/wp-json\/wp\/v2\/users\/1"}],"replies":[{"embeddable":true,"href":"https:\/\/www.karntnerhof.com\/fr\/wp-json\/wp\/v2\/comments?post=781"}],"version-history":[{"count":23,"href":"https:\/\/www.karntnerhof.com\/fr\/wp-json\/wp\/v2\/pages\/781\/revisions"}],"predecessor-version":[{"id":5245,"href":"https:\/\/www.karntnerhof.com\/fr\/wp-json\/wp\/v2\/pages\/781\/revisions\/5245"}],"wp:attachment":[{"href":"https:\/\/www.karntnerhof.com\/fr\/wp-json\/wp\/v2\/media?parent=781"}],"curies":[{"name":"wp","href":"https:\/\/api.w.org\/{rel}","templated":true}]}}

<section class="l-section wpb_row height_auto"><div class="l-section-h i-cf"><div class="g-cols vc_row via_flex valign_top type_default stacking_default"><div class="vc_col-sm-12 wpb_column vc_column_container"><div class="vc_column-inner"><div class="wpb_wrapper"></div></div></div></div></div></section><section class="l-section wpb_row hide_on_default hide_on_laptops height_auto width_full"><div class="l-section-h i-cf"><div class="g-cols vc_row via_flex valign_top type_default stacking_default"><div class="vc_col-sm-12 wpb_column vc_column_container"><div class="vc_column-inner"><div class="wpb_wrapper"><section class="l-section wpb_row us_custom_47d1b5f3 has_text_color hide_on_default hide_on_laptops hide_on_tablets height_auto width_full" id="téléphone intelligent"><div class="l-section-overlay" style="background:#697ea7"></div><div class="l-section-h i-cf"><div class="g-cols vc_row via_flex valign_middle type_default stacking_default"><div class="vc_col-sm-12 wpb_column vc_column_container has-link"><div class="vc_column-inner"><div class="wpb_wrapper">[vc_custom_heading text= »Réserver au meilleur prix garanti<br />
Toutes les chambres sont climatisées » font_container= »tag:h5|text_align:center » google_fonts= »font_family:Open%20Sans%3A300%2C300italic%2Cregular%2Citalic%2C600%2C600italic%2C700%2C700italic%2C800%2C800italic|font_style:400%20regular%3A400%3Anormal »]</div></div><a target="_blank" rel="nofollow" href="https://www.simplebooking.it/ibe/search?hid=6896&amp;lang=FR" class="vc_column-link smooth-scroll" aria-label="Lien"></a></div></div></div></section><section class="l-section wpb_row us_custom_835cda68 has_text_color hide_on_default hide_on_laptops hide_on_mobiles height_auto width_full" id="tablette"><div class="l-section-overlay" style="background:#697ea7"></div><div class="l-section-h i-cf"><div class="g-cols vc_row via_flex valign_middle type_default stacking_default"><div class="vc_col-sm-12 wpb_column vc_column_container has-link"><div class="vc_column-inner"><div class="wpb_wrapper">[vc_custom_heading text= »Réserver au meilleur prix garanti. Toutes les chambres sont climatisées » font_container= »tag:h5|text_align:center » google_fonts= »font_family:Open%20Sans%3A300%2C300italic%2Cregular%2Citalic%2C600%2C600italic%2C700%2C700italic%2C800%2C800italic|font_style:400%20regular%3A400%3Anormal »]</div></div><a target="_blank" rel="nofollow" href="https://www.simplebooking.it/ibe/search?hid=6896&amp;lang=FR" class="vc_column-link smooth-scroll" aria-label="Lien"></a></div></div></div></section>
</div></div></div></div></div></section><section class="l-section wpb_row height_auto"><div class="l-section-h i-cf"><div class="g-cols vc_row via_flex valign_top type_default stacking_default"><div class="vc_col-sm-12 wpb_column vc_column_container"><div class="vc_column-inner"><div class="wpb_wrapper"><div class="w-separator size_large"></div></div></div></div></div></div></section><section class="l-section wpb_row height_auto"><div class="l-section-h i-cf"><div class="g-cols vc_row via_flex valign_top type_default stacking_default"><div class="vc_col-sm-4 wpb_column vc_column_container"><div class="vc_column-inner"><div class="wpb_wrapper"><div class="wpb_text_column"><div class="wpb_wrapper"><h2>Au milieu du centre de Vienne</h2>
</div></div><div class="w-separator size_custom" style="height:30px"></div><div class="wpb_text_column"><div class="wpb_wrapper"><h5>Une oasis de paix au coeur de la ville</h5>
</div></div></div></div></div><div class="vc_col-sm-4 wpb_column vc_column_container"><div class="vc_column-inner"><div class="wpb_wrapper"><div class="wpb_text_column"><div class="wpb_wrapper"><p>En logeant au Kärtnerhof de charme au cœur de Vienne, vous mesurez les distances en mètres et les trajets en minutes. Ce qu’il faut avoir vu à Vienne, vous y accédez facilement à pied depuis notre hôtel.</p>
<p>Dans le voisinage immédiat, vous trouverez également des magasins haut de gamme pour votre sortie shopping.</p>
<p>Et si vous avez fixé vos objectifs plus loin, prenez simplement le métro ou le tramway &#8211; la prochaine station est juste au coin. Ou bien prenez votre véhicule dans notre parking sécurisé* directement à l’hôtel.</p>
</div></div><div class="w-separator size_small with_line width_default thick_1 style_solid color_border align_center"><div class="w-separator-h"></div></div><div class="wpb_text_column"><div class="wpb_wrapper"><p><strong>Possibilités de parking au Kärtnerhof</strong></p>
<p>Notre parking est <strong>fermé de 21.00 à 6.00 heures</strong>, car il se trouve dans un ensemble d’habitations classées. <strong>Prix : € 25,- par nuitée.</strong></p>
<p><strong>Autres places de stationnement</strong> dans le parking souterrain tout proche de la Georg-Coch-Platz (à ~ 8 minutes à pied) pour Euro 25,- par 24 heures. Le garage est ouvert 24 heures sur 24.</p>
</div></div></div></div></div><div class="vc_col-sm-4 wpb_column vc_column_container"><div class="vc_column-inner"><div class="wpb_wrapper"><div class="w-image align_center"><a ref="magnificPopup" href="https://www.karntnerhof.com/wp-content/uploads/2022/09/14032022-Lageplan-EN.jpg" aria-label="14032022-Lageplan-EN" class="w-image-h"><img decoding="async" width="1500" height="1011" src="https://www.karntnerhof.com/wp-content/uploads/2022/09/14032022-Lageplan-EN.jpg" class="attachment-full size-full" alt="" loading="lazy" srcset="https://www.karntnerhof.com/wp-content/uploads/2022/09/14032022-Lageplan-EN.jpg 1500w, https://www.karntnerhof.com/wp-content/uploads/2022/09/14032022-Lageplan-EN-300x202.jpg 300w, https://www.karntnerhof.com/wp-content/uploads/2022/09/14032022-Lageplan-EN-1024x690.jpg 1024w" sizes="auto, (max-width: 1500px) 100vw, 1500px" /></a></div><div class="w-separator size_small"></div><div class="wpb_text_column"><div class="wpb_wrapper"><p><i class="far" style="font-size: 15px;"></i> <a href="https://www.karntnerhof.com/wp-content/uploads/2022/09/Sehenswuerdigkeiten-EN.pdf" target="_blank" rel="noopener">Sights in the City Center (PDF Map)</a></p>
</div></div></div></div></div><div class="vc_col-sm-12 wpb_column vc_column_container"><div class="vc_column-inner"><div class="wpb_wrapper"><div class="w-separator size_large"></div></div></div></div></div></div></section>

[vc_custom_heading text= »Réserver au meilleur prix garanti Toutes les chambres sont climatisées » font_container= »tag:h5|text_align:center » google_fonts= »font_family:Open%20Sans%3A300%2C300italic%2Cregular%2Citalic%2C600%2C600italic%2C700%2C700italic%2C800%2C800italic|font_style:400%20regular%3A400%3Anormal »][vc_custom_heading text= »Réserver au meilleur prix garanti. Toutes les chambres sont climatisées » font_container= »tag:h5|text_align:center » google_fonts= »font_family:Open%20Sans%3A300%2C300italic%2Cregular%2Citalic%2C600%2C600italic%2C700%2C700italic%2C800%2C800italic|font_style:400%20regular%3A400%3Anormal »] Au milieu du centre de Vienne Une oasis de paix au coeur de la ville En logeant au Kärtnerhof de charme au cœur de Vienne, vous mesurez les distances en...
